{"id":86,"date":"2019-03-05T21:02:26","date_gmt":"2019-03-05T21:02:26","guid":{"rendered":"http:\/\/www.dpmsolutions.cz\/?page_id=86"},"modified":"2025-04-10T07:18:02","modified_gmt":"2025-04-10T07:18:02","slug":"on-request","status":"publish","type":"page","link":"https:\/\/www.dpmsolutions.cz\/index.php\/on-request\/","title":{"rendered":"NAHRADN\u00cd D\u00cdLY"},"content":{"rendered":"\n<div class=\"wp-block-media-text alignwide has-media-on-the-right is-stacked-on-mobile\" style=\"grid-template-columns:auto 21%\"><div class=\"wp-block-media-text__content\">\n<p style=\"font-size:22px\">\u00a0Nab\u00edz\u00edme patice a dal\u0161\u00ed sortiment pro elektronky<\/p>\n<\/div><figure class=\"wp-block-media-text__media\"><img loading=\"lazy\" decoding=\"async\" width=\"479\" height=\"432\" src=\"http:\/\/www.dpmsolutions.cz\/wp-content\/uploads\/2025\/03\/Snimek-obrazovky-2025-03-28-104424-1.jpg\" alt=\"\" class=\"wp-image-792 size-full\" srcset=\"https:\/\/www.dpmsolutions.cz\/wp-content\/uploads\/2025\/03\/Snimek-obrazovky-2025-03-28-104424-1.jpg 479w, https:\/\/www.dpmsolutions.cz\/wp-content\/uploads\/2025\/03\/Snimek-obrazovky-2025-03-28-104424-1-300x271.jpg 300w\" sizes=\"auto, (max-width: 479px) 100vw, 479px\" \/><\/figure><\/div>\n\n\n\n<div class=\"wp-block-media-text alignwide has-media-on-the-right is-stacked-on-mobile\" style=\"grid-template-columns:auto 21%\"><div class=\"wp-block-media-text__content\">\n<p style=\"font-size:22px\">DPM Solutions s.r.o. dod\u00e1v\u00e1 \u0161irokou paletu \u010do\u010dek pro lasery, zrc\u00e1tek a ochrann\u00fdch ok\u00e9nek. Zaru\u010dujeme plnou kompatibilitu s Va\u0161\u00edm laserem.<\/p>\n<\/div><figure class=\"wp-block-media-text__media\"><img loading=\"lazy\" decoding=\"async\" width=\"1024\" height=\"820\" src=\"https:\/\/www.dpmsolutions.cz\/wp-content\/uploads\/2020\/05\/710O036TRdL._SL1500_-1024x820.jpg\" alt=\"\" class=\"wp-image-178 size-full\" srcset=\"https:\/\/www.dpmsolutions.cz\/wp-content\/uploads\/2020\/05\/710O036TRdL._SL1500_-1024x820.jpg 1024w, https:\/\/www.dpmsolutions.cz\/wp-content\/uploads\/2020\/05\/710O036TRdL._SL1500_-300x240.jpg 300w, https:\/\/www.dpmsolutions.cz\/wp-content\/uploads\/2020\/05\/710O036TRdL._SL1500_-768x615.jpg 768w, https:\/\/www.dpmsolutions.cz\/wp-content\/uploads\/2020\/05\/710O036TRdL._SL1500_.jpg 1500w\" sizes=\"auto, (max-width: 1024px) 100vw, 1024px\" \/><\/figure><\/div>\n\n\n\n<div class=\"wp-block-media-text alignwide has-media-on-the-right is-stacked-on-mobile\" style=\"grid-template-columns:auto 21%\"><div class=\"wp-block-media-text__content\">\n<p style=\"font-size:22px\">Na\u0161e spole\u010dnost um\u00ed dodat i kondenz\u00e1tory pro RF za\u0159\u00edzen\u00ed, gener\u00e1tory pro induk\u010dn\u00ed oh\u0159ev nebo v\u00fdzkumn\u00e9 za\u0159\u00edzen\u00ed.<\/p>\n<\/div><figure class=\"wp-block-media-text__media\"><img loading=\"lazy\" decoding=\"async\" width=\"225\" height=\"225\" src=\"https:\/\/www.dpmsolutions.cz\/wp-content\/uploads\/2020\/05\/images.jpg\" alt=\"\" class=\"wp-image-182 size-full\" srcset=\"https:\/\/www.dpmsolutions.cz\/wp-content\/uploads\/2020\/05\/images.jpg 225w, https:\/\/www.dpmsolutions.cz\/wp-content\/uploads\/2020\/05\/images-150x150.jpg 150w\" sizes=\"auto, (max-width: 225px) 100vw, 225px\" \/><\/figure><\/div>\n\n\n\n<div class=\"wp-block-media-text alignwide has-media-on-the-right is-stacked-on-mobile\" style=\"grid-template-columns:auto 21%\"><div class=\"wp-block-media-text__content\">\n<p style=\"font-size:22px\">Nab\u00edz\u00edme kvalitn\u00ed \u010do\u010dky, trysky a isol\u00e1tory pro lasery. Dod\u00e1v\u00e1me pochromovan\u00e9 a nepochromovan\u00e9 laserov\u00e9 trysky pro CO2 a vl\u00e1knov\u00e9 lasery. Lep\u0161\u00ed geometrie umo\u017en\u00ed sn\u00ed\u017eit spot\u0159ebu provozn\u00edho plynu.<\/p>\n\n\n\n<p><\/p>\n<\/div><figure class=\"wp-block-media-text__media\"><img loading=\"lazy\" decoding=\"async\" width=\"600\" height=\"600\" src=\"http:\/\/www.dpmsolutions.cz\/wp-content\/uploads\/2020\/05\/trysky.jpg\" alt=\"\" class=\"wp-image-172 size-full\" srcset=\"https:\/\/www.dpmsolutions.cz\/wp-content\/uploads\/2020\/05\/trysky.jpg 600w, https:\/\/www.dpmsolutions.cz\/wp-content\/uploads\/2020\/05\/trysky-300x300.jpg 300w, https:\/\/www.dpmsolutions.cz\/wp-content\/uploads\/2020\/05\/trysky-150x150.jpg 150w\" sizes=\"auto, (max-width: 600px) 100vw, 600px\" \/><\/figure><\/div>\n\n\n\n<h3 class=\"wp-block-heading\">Pro detailn\u00ed informace obra\u0165te se na n\u00e1s pomoci e-mailu:<strong> <\/strong><a href=\"mailto:info@dpmsolutions.cz\">info@dpmsolutions.cz<\/a><\/h3>\n\n\n\n<p><\/p>\n","protected":false},"excerpt":{"rendered":"<p>\u00a0Nab\u00edz\u00edme patice a dal\u0161\u00ed sortiment pro elektronky DPM Solutions s.r.o. dod\u00e1v\u00e1 \u0161irokou paletu \u010do\u010dek pro lasery, zrc\u00e1tek a ochrann\u00fdch ok\u00e9nek. Zaru\u010dujeme plnou kompatibilitu s Va\u0161\u00edm laserem. Na\u0161e spole\u010dnost um\u00ed dodat i kondenz\u00e1tory pro RF za\u0159\u00edzen\u00ed, gener\u00e1tory pro induk\u010dn\u00ed oh\u0159ev nebo v\u00fdzkumn\u00e9 za\u0159\u00edzen\u00ed. Nab\u00edz\u00edme kvalitn\u00ed \u010do\u010dky, trysky a isol\u00e1tory pro lasery. Dod\u00e1v\u00e1me pochromovan\u00e9 a nepochromovan\u00e9 laserov\u00e9 [&hellip;]<\/p>\n","protected":false},"author":1,"featured_media":0,"parent":0,"menu_order":0,"comment_status":"closed","ping_status":"closed","template":"","meta":{"footnotes":""},"class_list":["post-86","page","type-page","status-publish","hentry"],"_links":{"self":[{"href":"https:\/\/www.dpmsolutions.cz\/index.php\/wp-json\/wp\/v2\/pages\/86","targetHints":{"allow":["GET"]}}],"collection":[{"href":"https:\/\/www.dpmsolutions.cz\/index.php\/wp-json\/wp\/v2\/pages"}],"about":[{"href":"https:\/\/www.dpmsolutions.cz\/index.php\/wp-json\/wp\/v2\/types\/page"}],"author":[{"embeddable":true,"href":"https:\/\/www.dpmsolutions.cz\/index.php\/wp-json\/wp\/v2\/users\/1"}],"replies":[{"embeddable":true,"href":"https:\/\/www.dpmsolutions.cz\/index.php\/wp-json\/wp\/v2\/comments?post=86"}],"version-history":[{"count":21,"href":"https:\/\/www.dpmsolutions.cz\/index.php\/wp-json\/wp\/v2\/pages\/86\/revisions"}],"predecessor-version":[{"id":814,"href":"https:\/\/www.dpmsolutions.cz\/index.php\/wp-json\/wp\/v2\/pages\/86\/revisions\/814"}],"wp:attachment":[{"href":"https:\/\/www.dpmsolutions.cz\/index.php\/wp-json\/wp\/v2\/media?parent=86"}],"curies":[{"name":"wp","href":"https:\/\/api.w.org\/{rel}","templated":true}]}}