{"id":800,"date":"2025-04-10T07:05:47","date_gmt":"2025-04-10T07:05:47","guid":{"rendered":"https:\/\/www.dpmsolutions.cz\/?page_id=800"},"modified":"2025-04-10T07:05:48","modified_gmt":"2025-04-10T07:05:48","slug":"yd1212-2","status":"publish","type":"page","link":"https:\/\/www.dpmsolutions.cz\/index.php\/yd1212-2\/","title":{"rendered":"YD1212"},"content":{"rendered":"\n<p>YD1202 \u2013 pr\u016fmyslov\u00e1 vodou chlazen\u00e1 trioda s v\u00fdstupn\u00edm v\u00fdkonem 240 kW<\/p>\n\n\n<div class=\"wp-block-image\">\n<figure class=\"alignleft size-medium\"><img loading=\"lazy\" decoding=\"async\" width=\"210\" height=\"300\" src=\"https:\/\/www.dpmsolutions.cz\/wp-content\/uploads\/2023\/10\/IMG_20231017_124741-210x300.jpg\" alt=\"\" class=\"wp-image-464\" srcset=\"https:\/\/www.dpmsolutions.cz\/wp-content\/uploads\/2023\/10\/IMG_20231017_124741-210x300.jpg 210w, https:\/\/www.dpmsolutions.cz\/wp-content\/uploads\/2023\/10\/IMG_20231017_124741-717x1024.jpg 717w, https:\/\/www.dpmsolutions.cz\/wp-content\/uploads\/2023\/10\/IMG_20231017_124741-768x1097.jpg 768w, https:\/\/www.dpmsolutions.cz\/wp-content\/uploads\/2023\/10\/IMG_20231017_124741.jpg 840w\" sizes=\"auto, (max-width: 210px) 100vw, 210px\" \/><\/figure>\n<\/div>\n\n\n<p>Trioda YD 1212, ur\u010den\u00e1 pro vysoce v\u00fdkonn\u00e9 induk\u010dn\u00ed a dielektrick\u00e9 oh\u0159evy, poskytuje trval\u00fd vysokofrekven\u010dn\u00ed v\u00fdkon 240 kW. Je obzvl\u00e1\u0161t\u011b vhodn\u00e1 pro pr\u016fmyslov\u00e9 aplikace, jako je v\u00fdroba sva\u0159ovan\u00fdch trubek z p\u00e1sky, tepeln\u00e9 zpracov\u00e1n\u00ed kov\u016f a su\u0161en\u00ed textilu \u010di d\u0159eva.<\/p>\n\n\n\n<p>Tato vodou chlazen\u00e1 trioda vyu\u017e\u00edv\u00e1 koaxi\u00e1ln\u00ed konstrukci a kovokeramickou technologii. M\u016f\u017ee b\u00fdt provozov\u00e1na v re\u017eimu CW (nep\u0159etr\u017eit\u00fd vlnov\u00fd re\u017eim) nebo v pulzn\u00edm re\u017eimu. V pulzn\u00edm re\u017eimu z\u00e1vis\u00ed provozn\u00ed parametry na konkr\u00e9tn\u00edch vlastnostech za\u0159\u00edzen\u00ed. Pro v\u00edce informac\u00ed n\u00e1s kontaktujte.<\/p>\n\n\n\n<p><\/p>\n\n\n\n<div class=\"wp-block-file alignleft\"><a id=\"wp-block-file--media-24285e15-7375-4154-bcb0-00e3133a8eed\" href=\"https:\/\/www.dpmsolutions.cz\/wp-content\/uploads\/2023\/10\/YD1212-DPM-ENG-2023.pdf\" target=\"_blank\" rel=\"noreferrer noopener\">Katalogov\u00fd list<\/a><a href=\"https:\/\/www.dpmsolutions.cz\/wp-content\/uploads\/2023\/10\/YD1212-DPM-ENG-2023.pdf\" class=\"wp-block-file__button wp-element-button\" download aria-describedby=\"wp-block-file--media-24285e15-7375-4154-bcb0-00e3133a8eed\">St\u00e1hnout<\/a><\/div>\n\n\n\n<div class=\"wp-block-buttons is-content-justification-right is-layout-flex wp-container-core-buttons-is-layout-765c4724 wp-block-buttons-is-layout-flex\">\n<div class=\"wp-block-button is-style-outline is-style-outline--1\"><a class=\"wp-block-button__link has-white-color has-vivid-red-background-color has-text-color has-background wp-element-button\" href=\"mailto:%20info@dpmsolutions.cz\">Kontakt<\/a><\/div>\n<\/div>\n","protected":false},"excerpt":{"rendered":"<p>YD1202 \u2013 pr\u016fmyslov\u00e1 vodou chlazen\u00e1 trioda s v\u00fdstupn\u00edm v\u00fdkonem 240 kW Trioda YD 1212, ur\u010den\u00e1 pro vysoce v\u00fdkonn\u00e9 induk\u010dn\u00ed a dielektrick\u00e9 oh\u0159evy, poskytuje trval\u00fd vysokofrekven\u010dn\u00ed v\u00fdkon 240 kW. Je obzvl\u00e1\u0161t\u011b vhodn\u00e1 pro pr\u016fmyslov\u00e9 aplikace, jako je v\u00fdroba sva\u0159ovan\u00fdch trubek z p\u00e1sky, tepeln\u00e9 zpracov\u00e1n\u00ed kov\u016f a su\u0161en\u00ed textilu \u010di d\u0159eva. Tato vodou chlazen\u00e1 trioda vyu\u017e\u00edv\u00e1 koaxi\u00e1ln\u00ed [&hellip;]<\/p>\n","protected":false},"author":1,"featured_media":0,"parent":0,"menu_order":0,"comment_status":"closed","ping_status":"closed","template":"","meta":{"footnotes":""},"class_list":["post-800","page","type-page","status-publish","hentry"],"_links":{"self":[{"href":"https:\/\/www.dpmsolutions.cz\/index.php\/wp-json\/wp\/v2\/pages\/800","targetHints":{"allow":["GET"]}}],"collection":[{"href":"https:\/\/www.dpmsolutions.cz\/index.php\/wp-json\/wp\/v2\/pages"}],"about":[{"href":"https:\/\/www.dpmsolutions.cz\/index.php\/wp-json\/wp\/v2\/types\/page"}],"author":[{"embeddable":true,"href":"https:\/\/www.dpmsolutions.cz\/index.php\/wp-json\/wp\/v2\/users\/1"}],"replies":[{"embeddable":true,"href":"https:\/\/www.dpmsolutions.cz\/index.php\/wp-json\/wp\/v2\/comments?post=800"}],"version-history":[{"count":1,"href":"https:\/\/www.dpmsolutions.cz\/index.php\/wp-json\/wp\/v2\/pages\/800\/revisions"}],"predecessor-version":[{"id":801,"href":"https:\/\/www.dpmsolutions.cz\/index.php\/wp-json\/wp\/v2\/pages\/800\/revisions\/801"}],"wp:attachment":[{"href":"https:\/\/www.dpmsolutions.cz\/index.php\/wp-json\/wp\/v2\/media?parent=800"}],"curies":[{"name":"wp","href":"https:\/\/api.w.org\/{rel}","templated":true}]}}