{"id":744,"date":"2025-03-26T08:59:48","date_gmt":"2025-03-26T08:59:48","guid":{"rendered":"https:\/\/www.dpmsolutions.cz\/?page_id=744"},"modified":"2025-03-26T09:08:48","modified_gmt":"2025-03-26T09:08:48","slug":"itl9-1-2","status":"publish","type":"page","link":"https:\/\/www.dpmsolutions.cz\/index.php\/itl9-1-2\/","title":{"rendered":"ITL9-1"},"content":{"rendered":"\n<p>ITL 9-1 \u2013 pr\u016fmyslov\u00e1 vzduchem chlazen\u00e1 trioda s v\u00fdstupn\u00edm v\u00fdkonem 25 kW<\/p>\n\n\n<div class=\"wp-block-image is-resized\">\n<figure class=\"alignleft size-medium\"><img loading=\"lazy\" decoding=\"async\" width=\"222\" height=\"300\" src=\"https:\/\/www.dpmsolutions.cz\/wp-content\/uploads\/2022\/05\/UNAVAILABLE-3-222x300.jpg\" alt=\"\" class=\"wp-image-284\" srcset=\"https:\/\/www.dpmsolutions.cz\/wp-content\/uploads\/2022\/05\/UNAVAILABLE-3-222x300.jpg 222w, https:\/\/www.dpmsolutions.cz\/wp-content\/uploads\/2022\/05\/UNAVAILABLE-3.jpg 580w\" sizes=\"auto, (max-width: 222px) 100vw, 222px\" \/><\/figure>\n<\/div>\n\n\n<p>ITL 9-1 je RF v\u00fdkonov\u00e1 trioda navr\u017een\u00e1 speci\u00e1ln\u011b pro pr\u016fmyslov\u00e9 aplikace. Tato elektronka vyu\u017e\u00edv\u00e1 koaxi\u00e1ln\u00ed konstrukci a kovokeramickou technologii. Trioda je navr\u017eena pro provoz v re\u017eimu CW. Pro provoz v pulzn\u00edm re\u017eimu z\u00e1vis\u00ed parametry na vlastnostech konkr\u00e9tn\u00edho za\u0159\u00edzen\u00ed.<\/p>\n\n\n\n<p>Vysokofrekven\u010dn\u00ed sva\u0159ov\u00e1n\u00ed, zn\u00e1m\u00e9 tak\u00e9 jako dielektrick\u00e9 sva\u0159ov\u00e1n\u00ed nebo vysokofrekven\u010dn\u00ed spojov\u00e1n\u00ed, je proces sva\u0159ov\u00e1n\u00ed plast\u016f, kter\u00fd vyu\u017e\u00edv\u00e1 vysokofrekven\u010dn\u00ed elektrick\u00e1 pole k indukci oh\u0159evu a taven\u00ed termoplastick\u00fdch materi\u00e1l\u016f.<\/p>\n\n\n\n<p>Dielektrick\u00fd oh\u0159ev, zn\u00e1m\u00fd tak\u00e9 jako elektronick\u00fd oh\u0159ev, vysokofrekven\u010dn\u00ed oh\u0159ev nebo oh\u0159ev pomoc\u00ed r\u00e1diov\u00fdch vln, je proces, p\u0159i kter\u00e9m st\u0159\u00eddav\u00e9 elektrick\u00e9 pole v r\u00e1diov\u00e9 frekvenci (RF), r\u00e1diov\u00e1 vlna nebo mikrovlnn\u00e9 elektromagnetick\u00e9 z\u00e1\u0159en\u00ed zah\u0159\u00edv\u00e1 dielektrick\u00fd materi\u00e1l.<\/p>\n\n\n\n<div class=\"wp-block-file\"><a id=\"wp-block-file--media-99d27781-0d08-4f46-83d4-e79353e20c55\" href=\"https:\/\/www.dpmsolutions.cz\/wp-content\/uploads\/2024\/05\/ITL-9-1-DPM-ENG-2024.pdf\" target=\"_blank\" rel=\"noreferrer noopener\">Katalogov\u00fd list<\/a><a href=\"https:\/\/www.dpmsolutions.cz\/wp-content\/uploads\/2024\/05\/ITL-9-1-DPM-ENG-2024.pdf\" class=\"wp-block-file__button wp-element-button\" download aria-describedby=\"wp-block-file--media-99d27781-0d08-4f46-83d4-e79353e20c55\">St\u00e1hnout<\/a><\/div>\n\n\n\n<div class=\"wp-block-buttons is-content-justification-right is-layout-flex wp-container-core-buttons-is-layout-765c4724 wp-block-buttons-is-layout-flex\">\n<div class=\"wp-block-button is-style-outline is-style-outline--1\"><a class=\"wp-block-button__link has-white-color has-vivid-red-background-color has-text-color has-background wp-element-button\" href=\"mailto:%20info@dpmsolutions.cz\">Kontakt<\/a><\/div>\n<\/div>\n","protected":false},"excerpt":{"rendered":"<p>ITL 9-1 \u2013 pr\u016fmyslov\u00e1 vzduchem chlazen\u00e1 trioda s v\u00fdstupn\u00edm v\u00fdkonem 25 kW ITL 9-1 je RF v\u00fdkonov\u00e1 trioda navr\u017een\u00e1 speci\u00e1ln\u011b pro pr\u016fmyslov\u00e9 aplikace. Tato elektronka vyu\u017e\u00edv\u00e1 koaxi\u00e1ln\u00ed konstrukci a kovokeramickou technologii. Trioda je navr\u017eena pro provoz v re\u017eimu CW. Pro provoz v pulzn\u00edm re\u017eimu z\u00e1vis\u00ed parametry na vlastnostech konkr\u00e9tn\u00edho za\u0159\u00edzen\u00ed. Vysokofrekven\u010dn\u00ed sva\u0159ov\u00e1n\u00ed, zn\u00e1m\u00e9 tak\u00e9 jako [&hellip;]<\/p>\n","protected":false},"author":1,"featured_media":0,"parent":0,"menu_order":0,"comment_status":"closed","ping_status":"closed","template":"","meta":{"footnotes":""},"class_list":["post-744","page","type-page","status-publish","hentry"],"_links":{"self":[{"href":"https:\/\/www.dpmsolutions.cz\/index.php\/wp-json\/wp\/v2\/pages\/744","targetHints":{"allow":["GET"]}}],"collection":[{"href":"https:\/\/www.dpmsolutions.cz\/index.php\/wp-json\/wp\/v2\/pages"}],"about":[{"href":"https:\/\/www.dpmsolutions.cz\/index.php\/wp-json\/wp\/v2\/types\/page"}],"author":[{"embeddable":true,"href":"https:\/\/www.dpmsolutions.cz\/index.php\/wp-json\/wp\/v2\/users\/1"}],"replies":[{"embeddable":true,"href":"https:\/\/www.dpmsolutions.cz\/index.php\/wp-json\/wp\/v2\/comments?post=744"}],"version-history":[{"count":2,"href":"https:\/\/www.dpmsolutions.cz\/index.php\/wp-json\/wp\/v2\/pages\/744\/revisions"}],"predecessor-version":[{"id":749,"href":"https:\/\/www.dpmsolutions.cz\/index.php\/wp-json\/wp\/v2\/pages\/744\/revisions\/749"}],"wp:attachment":[{"href":"https:\/\/www.dpmsolutions.cz\/index.php\/wp-json\/wp\/v2\/media?parent=744"}],"curies":[{"name":"wp","href":"https:\/\/api.w.org\/{rel}","templated":true}]}}