{"id":729,"date":"2025-03-26T08:50:58","date_gmt":"2025-03-26T08:50:58","guid":{"rendered":"https:\/\/www.dpmsolutions.cz\/?page_id=729"},"modified":"2025-03-26T08:50:58","modified_gmt":"2025-03-26T08:50:58","slug":"itl3-1-yd1150fl-2","status":"publish","type":"page","link":"https:\/\/www.dpmsolutions.cz\/index.php\/itl3-1-yd1150fl-2\/","title":{"rendered":"ITL3-1 \/\/ YD1150FL"},"content":{"rendered":"\n<p>ITL 3-1 \u2013 pr\u016fmyslov\u00e1 vzduchem chlazen\u00e1 trioda s v\u00fdstupn\u00edm v\u00fdkonem 6,7 kW<\/p>\n\n\n<div class=\"wp-block-image is-resized\">\n<figure class=\"alignleft size-medium\"><img loading=\"lazy\" decoding=\"async\" width=\"225\" height=\"300\" src=\"https:\/\/www.dpmsolutions.cz\/wp-content\/uploads\/2022\/05\/ITL-3_1--225x300.jpg\" alt=\"\" class=\"wp-image-270\" srcset=\"https:\/\/www.dpmsolutions.cz\/wp-content\/uploads\/2022\/05\/ITL-3_1--225x300.jpg 225w, https:\/\/www.dpmsolutions.cz\/wp-content\/uploads\/2022\/05\/ITL-3_1--768x1024.jpg 768w, https:\/\/www.dpmsolutions.cz\/wp-content\/uploads\/2022\/05\/ITL-3_1--1152x1536.jpg 1152w, https:\/\/www.dpmsolutions.cz\/wp-content\/uploads\/2022\/05\/ITL-3_1-.jpg 1200w\" sizes=\"auto, (max-width: 225px) 100vw, 225px\" \/><\/figure>\n<\/div>\n\n\n<p>Tato trioda je ur\u010dena pro n\u00edzkov\u00fdkonn\u00e9 aplikace dielektrick\u00e9ho oh\u0159evu a poskytuje kontinu\u00e1ln\u00ed RF v\u00fdkon 6,7 kW. Je obzvl\u00e1\u0161t\u011b vhodn\u00e1 pro pr\u016fmyslov\u00e9 aplikace, jako je oh\u0159ev plast\u016f nebo dielektrick\u00fdch materi\u00e1l\u016f.<\/p>\n\n\n\n<p>Tato vzduchem chlazen\u00e1 trioda vyu\u017e\u00edv\u00e1 koaxi\u00e1ln\u00ed konstrukci a kovokeramickou technologii. M\u016f\u017ee pracovat v re\u017eimu CW nebo v pulzn\u00edm re\u017eimu. Pro provoz v pulzn\u00edm re\u017eimu z\u00e1vis\u00ed parametry na vlastnostech konkr\u00e9tn\u00edho za\u0159\u00edzen\u00ed.<\/p>\n\n\n\n<p>Dielektrick\u00fd oh\u0159ev, zn\u00e1m\u00fd tak\u00e9 jako elektronick\u00fd oh\u0159ev, vysokofrekven\u010dn\u00ed oh\u0159ev nebo oh\u0159ev pomoc\u00ed r\u00e1diov\u00fdch vln, je proces, p\u0159i kter\u00e9m st\u0159\u00eddav\u00e9 elektrick\u00e9 pole v r\u00e1diov\u00e9 frekvenci (RF), r\u00e1diov\u00e1 vlna nebo mikrovlnn\u00e9 elektromagnetick\u00e9 z\u00e1\u0159en\u00ed zah\u0159\u00edv\u00e1 dielektrick\u00fd materi\u00e1l.<\/p>\n\n\n\n<div class=\"wp-block-file\"><a id=\"wp-block-file--media-5e5933e6-967a-4ce9-8c58-9afc3c8767fc\" href=\"https:\/\/www.dpmsolutions.cz\/wp-content\/uploads\/2024\/05\/ITL-3-1-DPM-ENG-2024.pdf\" target=\"_blank\" rel=\"noreferrer noopener\">Katalogov\u00fd list<\/a><a href=\"https:\/\/www.dpmsolutions.cz\/wp-content\/uploads\/2024\/05\/ITL-3-1-DPM-ENG-2024.pdf\" class=\"wp-block-file__button wp-element-button\" download aria-describedby=\"wp-block-file--media-5e5933e6-967a-4ce9-8c58-9afc3c8767fc\">St\u00e1hnout<\/a><\/div>\n\n\n\n<div class=\"wp-block-buttons is-content-justification-right is-layout-flex wp-container-core-buttons-is-layout-765c4724 wp-block-buttons-is-layout-flex\">\n<div class=\"wp-block-button is-style-outline is-style-outline--1\"><a class=\"wp-block-button__link has-white-color has-vivid-red-background-color has-text-color has-background wp-element-button\" href=\"mailto:%20info@dpmsolutions.cz\">Kontakt<\/a><\/div>\n<\/div>\n","protected":false},"excerpt":{"rendered":"<p>ITL 3-1 \u2013 pr\u016fmyslov\u00e1 vzduchem chlazen\u00e1 trioda s v\u00fdstupn\u00edm v\u00fdkonem 6,7 kW Tato trioda je ur\u010dena pro n\u00edzkov\u00fdkonn\u00e9 aplikace dielektrick\u00e9ho oh\u0159evu a poskytuje kontinu\u00e1ln\u00ed RF v\u00fdkon 6,7 kW. Je obzvl\u00e1\u0161t\u011b vhodn\u00e1 pro pr\u016fmyslov\u00e9 aplikace, jako je oh\u0159ev plast\u016f nebo dielektrick\u00fdch materi\u00e1l\u016f. Tato vzduchem chlazen\u00e1 trioda vyu\u017e\u00edv\u00e1 koaxi\u00e1ln\u00ed konstrukci a kovokeramickou technologii. M\u016f\u017ee pracovat v re\u017eimu [&hellip;]<\/p>\n","protected":false},"author":1,"featured_media":0,"parent":0,"menu_order":0,"comment_status":"closed","ping_status":"closed","template":"","meta":{"footnotes":""},"class_list":["post-729","page","type-page","status-publish","hentry"],"_links":{"self":[{"href":"https:\/\/www.dpmsolutions.cz\/index.php\/wp-json\/wp\/v2\/pages\/729","targetHints":{"allow":["GET"]}}],"collection":[{"href":"https:\/\/www.dpmsolutions.cz\/index.php\/wp-json\/wp\/v2\/pages"}],"about":[{"href":"https:\/\/www.dpmsolutions.cz\/index.php\/wp-json\/wp\/v2\/types\/page"}],"author":[{"embeddable":true,"href":"https:\/\/www.dpmsolutions.cz\/index.php\/wp-json\/wp\/v2\/users\/1"}],"replies":[{"embeddable":true,"href":"https:\/\/www.dpmsolutions.cz\/index.php\/wp-json\/wp\/v2\/comments?post=729"}],"version-history":[{"count":1,"href":"https:\/\/www.dpmsolutions.cz\/index.php\/wp-json\/wp\/v2\/pages\/729\/revisions"}],"predecessor-version":[{"id":731,"href":"https:\/\/www.dpmsolutions.cz\/index.php\/wp-json\/wp\/v2\/pages\/729\/revisions\/731"}],"wp:attachment":[{"href":"https:\/\/www.dpmsolutions.cz\/index.php\/wp-json\/wp\/v2\/media?parent=729"}],"curies":[{"name":"wp","href":"https:\/\/api.w.org\/{rel}","templated":true}]}}