{"id":403,"date":"2022-09-27T19:45:34","date_gmt":"2022-09-27T19:45:34","guid":{"rendered":"https:\/\/www.dpmsolutions.cz\/?page_id=403"},"modified":"2024-02-12T22:15:19","modified_gmt":"2024-02-12T22:15:19","slug":"gdpr-and-cookies","status":"publish","type":"page","link":"https:\/\/www.dpmsolutions.cz\/index.php\/gdpr-and-cookies\/","title":{"rendered":"GDPR a soubory COOKIES"},"content":{"rendered":"\n<p>GDPR:<\/p>\n\n\n\n<p>Prohla\u0161ujeme, \u017ee nesb\u00edr\u00e1me a ne zpracov\u00e1v\u00e1me \u017e\u00e1dn\u00e9 osobn\u00ed \u00fadaje ve smyslu Na\u0159\u00edzen\u00ed (EU) No. 2016\/679 Evropsk\u00e9ho Parlamentu (direktiva 95\/46\/EC (General Data Protection Regulation osobn\u00ed \u00fadaje).<\/p>\n\n\n\n<p>COOKIES:<\/p>\n\n\n\n<p>Prohla\u0161ujeme, \u017ee pou\u017e\u00edv\u00e1me pouze soubory cookies nezbytn\u00e9 pro chod na\u0161\u00edch str\u00e1nek. My \u017e\u00e1dn\u00fdm zp\u016fsobem nehodnot\u00edme jak se pou\u017e\u00edv\u00e1 tento WEB nebo slu\u017eby zde nab\u00edzen\u00e9.  <\/p>\n","protected":false},"excerpt":{"rendered":"<p>GDPR: Prohla\u0161ujeme, \u017ee nesb\u00edr\u00e1me a ne zpracov\u00e1v\u00e1me \u017e\u00e1dn\u00e9 osobn\u00ed \u00fadaje ve smyslu Na\u0159\u00edzen\u00ed (EU) No. 2016\/679 Evropsk\u00e9ho Parlamentu (direktiva 95\/46\/EC (General Data Protection Regulation osobn\u00ed \u00fadaje). COOKIES: Prohla\u0161ujeme, \u017ee pou\u017e\u00edv\u00e1me pouze soubory cookies nezbytn\u00e9 pro chod na\u0161\u00edch str\u00e1nek. My \u017e\u00e1dn\u00fdm zp\u016fsobem nehodnot\u00edme jak se pou\u017e\u00edv\u00e1 tento WEB nebo slu\u017eby zde nab\u00edzen\u00e9.<\/p>\n","protected":false},"author":1,"featured_media":0,"parent":0,"menu_order":0,"comment_status":"closed","ping_status":"closed","template":"","meta":{"footnotes":""},"class_list":["post-403","page","type-page","status-publish","hentry"],"_links":{"self":[{"href":"https:\/\/www.dpmsolutions.cz\/index.php\/wp-json\/wp\/v2\/pages\/403","targetHints":{"allow":["GET"]}}],"collection":[{"href":"https:\/\/www.dpmsolutions.cz\/index.php\/wp-json\/wp\/v2\/pages"}],"about":[{"href":"https:\/\/www.dpmsolutions.cz\/index.php\/wp-json\/wp\/v2\/types\/page"}],"author":[{"embeddable":true,"href":"https:\/\/www.dpmsolutions.cz\/index.php\/wp-json\/wp\/v2\/users\/1"}],"replies":[{"embeddable":true,"href":"https:\/\/www.dpmsolutions.cz\/index.php\/wp-json\/wp\/v2\/comments?post=403"}],"version-history":[{"count":4,"href":"https:\/\/www.dpmsolutions.cz\/index.php\/wp-json\/wp\/v2\/pages\/403\/revisions"}],"predecessor-version":[{"id":535,"href":"https:\/\/www.dpmsolutions.cz\/index.php\/wp-json\/wp\/v2\/pages\/403\/revisions\/535"}],"wp:attachment":[{"href":"https:\/\/www.dpmsolutions.cz\/index.php\/wp-json\/wp\/v2\/media?parent=403"}],"curies":[{"name":"wp","href":"https:\/\/api.w.org\/{rel}","templated":true}]}}