{"id":201,"date":"2020-10-15T12:04:07","date_gmt":"2020-10-15T12:04:07","guid":{"rendered":"http:\/\/www.dpmsolutions.cz\/?page_id=201"},"modified":"2024-03-11T20:27:59","modified_gmt":"2024-03-11T20:27:59","slug":"faq","status":"publish","type":"page","link":"https:\/\/www.dpmsolutions.cz\/index.php\/faq\/","title":{"rendered":"\u010casto kladen\u00e9 ot\u00e1zky"},"content":{"rendered":"\n<ul class=\"wp-block-list\">\n<li>Jak spr\u00e1vn\u011b manipulovat (skladovat) s vakuovou elektronkou? <\/li>\n<\/ul>\n\n\n\n<p><strong>Odpov\u011b\u010f:<\/strong> Vakuov\u00e9 v\u00fdrobky jsou velmi k\u0159ehk\u00fdm zbo\u017e\u00edm kv\u016fli vnit\u0159n\u00ed struktu\u0159e a pou\u017eit\u00fdm materi\u00e1l\u016fm. Katoda elektronky je vyroben\u00e1 thoriovan\u00e9ho wolframu (WTh) kter\u00fd se st\u00e1v\u00e1 extr\u00e9mn\u011b k\u0159ehk\u00fdm b\u011bhem v\u00fdrobn\u00edho procesu. T\u0159i hlavn\u00edch pravidla pro skladov\u00e1n\u00ed\/manipulaci: 1. Pou\u017e\u00edvejte textiln\u00ed rukavice pro zamezen\u00ed vzniku oxidace. 2. P\u0159edch\u00e1zejte zbyte\u010dn\u00fdm vibrac\u00edm a n\u00e1raz\u016fm. 3. Skladujte v\u00fdrobek ve vertik\u00e1ln\u00ed poloze v origin\u00e1ln\u00edm balen\u00ed. <\/p>\n\n\n\n<p><\/p>\n\n\n\n<ul class=\"wp-block-list\">\n<li>Znamen\u00e1 li \u010derven\u00fd n\u00e1razov\u00fd indik\u00e1tor \/ indik\u00e1tor polohy jist\u00e9 po\u0161kozen\u00ed v\u00fdrobku? <\/li>\n<\/ul>\n\n\n\n<p><strong><strong>Odpov\u011b\u010f:<\/strong> <\/strong>Ne v\u017edycky. M\u011bkk\u00e1 vypl\u0148 na\u0161\u00edch krabic m\u016f\u017ee zachr\u00e1nit vakuov\u00fd v\u00fdrobek p\u0159ed po\u0161kozen\u00edm. My \u010dasto pou\u017e\u00edv\u00e1me box-in-box syst\u00e9m balen\u00ed. Ka\u017edop\u00e1dn\u011b z\u00e1kazn\u00edk mus\u00ed zaznamenat skute\u010dnost v p\u0159epravn\u00edch dokumentech v p\u0159\u00edtomnosti kur\u00fdra.  <\/p>\n\n\n\n<p><\/p>\n\n\n\n<ul class=\"wp-block-list\">\n<li>M\u016f\u017eete up\u0159esnit pojem <strong>odpracovan\u00e9 hodiny<\/strong>?<\/li>\n<\/ul>\n\n\n\n<p><strong><strong><strong>Odpov\u011b\u010f:<\/strong><\/strong><\/strong> Odpracovan\u00e9 hodiny &#8211; po\u010det hodin kdy bylo zapnut\u00e9 \u017ehaven\u00ed katody. Dan\u00e9 hodiny se po\u010d\u00edtaj\u00ed nez\u00e1visl\u00e9 na to zd\u00e1 za\u0159\u00edzen\u00ed bylo aktivn\u011b pou\u017e\u00edvan\u00e9.<\/p>\n","protected":false},"excerpt":{"rendered":"<p>Odpov\u011b\u010f: Vakuov\u00e9 v\u00fdrobky jsou velmi k\u0159ehk\u00fdm zbo\u017e\u00edm kv\u016fli vnit\u0159n\u00ed struktu\u0159e a pou\u017eit\u00fdm materi\u00e1l\u016fm. Katoda elektronky je vyroben\u00e1 thoriovan\u00e9ho wolframu (WTh) kter\u00fd se st\u00e1v\u00e1 extr\u00e9mn\u011b k\u0159ehk\u00fdm b\u011bhem v\u00fdrobn\u00edho procesu. T\u0159i hlavn\u00edch pravidla pro skladov\u00e1n\u00ed\/manipulaci: 1. Pou\u017e\u00edvejte textiln\u00ed rukavice pro zamezen\u00ed vzniku oxidace. 2. P\u0159edch\u00e1zejte zbyte\u010dn\u00fdm vibrac\u00edm a n\u00e1raz\u016fm. 3. Skladujte v\u00fdrobek ve vertik\u00e1ln\u00ed poloze v origin\u00e1ln\u00edm [&hellip;]<\/p>\n","protected":false},"author":1,"featured_media":0,"parent":0,"menu_order":0,"comment_status":"closed","ping_status":"closed","template":"","meta":{"footnotes":""},"class_list":["post-201","page","type-page","status-publish","hentry"],"_links":{"self":[{"href":"https:\/\/www.dpmsolutions.cz\/index.php\/wp-json\/wp\/v2\/pages\/201","targetHints":{"allow":["GET"]}}],"collection":[{"href":"https:\/\/www.dpmsolutions.cz\/index.php\/wp-json\/wp\/v2\/pages"}],"about":[{"href":"https:\/\/www.dpmsolutions.cz\/index.php\/wp-json\/wp\/v2\/types\/page"}],"author":[{"embeddable":true,"href":"https:\/\/www.dpmsolutions.cz\/index.php\/wp-json\/wp\/v2\/users\/1"}],"replies":[{"embeddable":true,"href":"https:\/\/www.dpmsolutions.cz\/index.php\/wp-json\/wp\/v2\/comments?post=201"}],"version-history":[{"count":9,"href":"https:\/\/www.dpmsolutions.cz\/index.php\/wp-json\/wp\/v2\/pages\/201\/revisions"}],"predecessor-version":[{"id":541,"href":"https:\/\/www.dpmsolutions.cz\/index.php\/wp-json\/wp\/v2\/pages\/201\/revisions\/541"}],"wp:attachment":[{"href":"https:\/\/www.dpmsolutions.cz\/index.php\/wp-json\/wp\/v2\/media?parent=201"}],"curies":[{"name":"wp","href":"https:\/\/api.w.org\/{rel}","templated":true}]}}